of 69487848.
2, 3, 389, 827
What are the prime factors of 113025892?
2, 7, 53, 76163
What are the prime factors of 351337523?
29, 3169, 3823
List the prime factors of 122268688.
2, 7641793
What are the prime factors of 494384141?
29, 17047729
What are the prime factors of 27519172?
2, 631, 10903
List the prime factors of 1513700908.
2, 97, 617, 6323
List the prime factors of 1075505589.
3, 373, 320377
What are the prime factors of 473110?
2, 5, 11, 17, 23
What are the prime factors of 4983857509?
43, 115903663
List the prime factors of 17340933.
3, 907, 6373
List the prime factors of 1288860406.
2, 17, 73, 519283
List the prime factors of 135712834.
2, 23, 128273
List the prime factors of 1709929812.
2, 3, 83, 1716797
List the prime factors of 5475481561.
11, 29, 1741, 9859
List the prime factors of 209802591.
3, 79, 295081
What are the prime factors of 48552821?
101, 647, 743
List the prime factors of 272246996.
2, 7, 67, 145121
What are the prime factors of 3932759?
53, 74203
List the prime factors of 91725907.
7, 13, 1007977
What are the prime factors of 1598745609?
3, 31, 167, 34313
What are the prime factors of 588121495?
5, 13, 113, 80071
List the prime factors of 389735104.
2, 11, 553601
List the prime factors of 179453851.
179453851
List the prime factors of 3277392001.
13, 2357, 106961
What are the prime factors of 1957056817?
10529, 185873
List the prime factors of 2111216307.
3, 331, 1217, 1747
What are the prime factors of 361419981?
3, 13, 9267179
What are the prime factors of 665764381?
665764381
What are the prime factors of 382031022?
2, 3, 1721, 36997
List the prime factors of 124789058.
2, 1753, 35593
List the prime factors of 1630100157.
3, 7, 37, 2097941
What are the prime factors of 59409541?
59409541
What are the prime factors of 54543940?
2, 5, 11, 41, 6047
List the prime factors of 2087761611.
3, 13, 4117873
What are the prime factors of 701606027?
19, 103, 18869
List the prime factors of 56133909.
3, 13, 479777
What are the prime factors of 342359096?
2, 191, 224057
What are the prime factors of 1172184729?
3, 53, 1367, 5393
What are the prime factors of 106959131?
23, 401, 11597
List the prime factors of 48204647.
48204647
List the prime factors of 20288766.
2, 3, 349, 9689
List the prime factors of 124509433.
124509433
List the prime factors of 125890610.
2, 5, 17, 740533
What are the prime factors of 5487764014?
2, 2743882007
List the prime factors of 174281297.
17, 10251841
What are the prime factors of 224938547?
43, 5231129
What are the prime factors of 15172162?
2, 29, 383, 683
List the prime factors of 223008656.
2, 13, 1072157
List the prime factors of 2101261483.
2101261483
List the prime factors of 11929555.
5, 11, 216901
What are the prime factors of 7285904048?
2, 443, 967, 1063
What are the prime factors of 20827275?
3, 5, 7, 39671
What are the prime factors of 52898783?
7, 577, 1871
List the prime factors of 130180819.
101, 1288919
What are the prime factors of 396408724?
2, 2801, 35381
What are the prime factors of 922813279?
3221, 286499
What are the prime factors of 441912681?
3, 7, 643, 10909
What are the prime factors of 6590053230?
2, 3, 5, 17, 12921673
What are the prime factors of 195166464?
2, 3, 199, 1277
List the prime factors of 615662749.
13, 263, 180071
List the prime factors of 22109885.
5, 7, 631711
List the prime factors of 27397670.
2, 5, 823, 3329
List the prime factors of 77827175.
5, 3113087
What are the prime factors of 2411752559?
113, 21342943
What are the prime factors of 196081186?
2, 7, 14005799
What are the prime factors of 7647846486?
2, 3, 7, 47, 157, 24677
What are the prime factors of 414610659?
3, 1723, 26737
List the prime factors of 23449255.
5, 29, 59, 2741
List the prime factors of 41531207.
19, 2185853
List the prime factors of 167049264.
2, 3, 149, 23357
List the prime factors of 550209855.
3, 5, 13, 31, 91019
What are the prime factors of 3881247570?
2, 3, 5, 863, 16657
What are the prime factors of 2484867324?
2, 3, 67, 359, 8609
List the prime factors of 73009538.
2, 7, 317, 16451
List the prime factors of 134361817.
409, 328513
List the prime factors of 1996650700.
2, 5, 11, 23, 78919
What are the prime factors of 6362258817?
3, 37, 1549, 37003
List the prime factors of 66675401.
13, 394529
What are the prime factors of 109979814?
2, 3, 7, 83, 4507
What are the prime factors of 225588797?
7, 61, 71, 1063
List the prime factors of 386376902.
2, 131, 1474721
List the prime factors of 427715742.
2, 3, 31, 2299547
What are the prime factors of 911040399?
3, 33742237
List the prime factors of 359981482.
2, 7, 25712963
List the prime factors of 7606375613.
47, 53, 64969
What are the prime factors of 403831661?
47, 97, 283, 313
List the prime factors of 1780548939.
3, 13, 53, 95713
List the prime factors of 43807647.
3, 13, 263, 4271
List the prime factors of 1048416040.
2, 5, 7, 479, 7817
List the prime factors of 140892535.
5, 7, 4025501
List the prime factors of 1308893199.
3, 436297733
List the prime factors of 246049585.
5, 17, 53, 54617
List the prime factors of 91765568.
2, 191, 7507
What are the prime factors of 25481894?
2, 29, 241, 1823
List the prime factors of 352829499.
3, 11, 23, 59, 7879
List the prime factors of 333065163.
3, 431, 257591
What are the prime factors of 260221106?
2, 71, 1832543
What are the prime factors of 2660989608?
2, 3, 36958189
List the prime factors of 102166413.
3, 17, 117839
What are the prime factors of 188716988?
2, 433, 108959
What are the prime factors of 2503989923?
2503989923
What are the prime factors of 85245309?
3, 9471701
List the prime factors of 208895527.
208895527
List the prime factors of 159259515.
3, 5, 10617301
List the prime factors of 3441219751.
19, 239, 757811
List the prime factors of 587101191.
3, 757, 258521
List the prime factors of 254211553.
254211553
What are the prime factors of 897080337?
3, 4397, 22669
List the prime factors of 86802483.
3, 23, 149, 8443
List the prime factors of 391722288.
2, 3, 977, 8353
List the prime factors of 34756243.
23, 557, 2713
List the prime factors of 16942880.
2, 5, 17, 6229
What are the prime factors of 2712145667?
7, 11, 409, 7829
List the prime factors of 254740356.
2, 3, 13, 181439
What are the prime factors of 1039026651?
3, 13, 1481, 17989
List the prime factors of 277148743.
179, 1548317
List the prime factors of 20666671.
20666671
What are the prime factors of 107748091?
11, 17, 576193
List the prime factors of 1900290460.
2, 5, 95014523
List the prime factors of 40802378.
2, 3469, 5881
What are the prime factors of 1993017?
3, 13, 3931
List the prime factors of 251944820.
2, 5, 509, 24749
List the prime factors of 642481152.
2, 3, 41, 5101
List the prime factors of 3887100875.
5, 7, 4442401
List the prime factors of 95105547.
3, 1063, 9941
List the prime factors of 1724636027.
491, 1319, 2663
What are the prime factors of 5053141?
71, 71171
What are the prime factors of 57626674?
2, 7, 227, 18133
List the prime factors of 30796379.
23, 937, 1429
List the prime factors of 20060525.
5, 802421
List the prime factors of 56885564.
2, 14221391
What are the prime factors of 285991074?
2, 3, 53, 3701
List the prime factors of 3142747836.
2, 3, 281, 34519
List the prime factors of 810686077.
2213, 366329
What are the prime factors of 1818345995?
5, 53, 97, 127, 557
What are the prime factors of 1809078034?
2, 47, 19245511
List the prime factors of 21708107.
21708107
List the prime factors of 553392149.
553392149
What are the prime factors of 1653743838?
2, 3, 23, 367, 32653
What are the prime factors of 10525859?
10525859
What are the prime factors of 216788218?
2, 101, 1073209
List the prime factors of 14073999.
3, 23, 203971
List the prime factors of 139278431.
139278431
List the prime factors of 4363072036.
2, 359, 3038351
List the prime factors of 5427054077.
5427054077
What are the prime factors of 151290193?
151290193
List the prime factors of 57398266.
2, 28699133
List the prime factors of 27130775.
5, 7, 229, 677
List the prime factors of 160028867.
160028867
What are the prime factors of 35705941?
53, 383, 1759
What are the prime factors of 58850689?
2789, 21101
What are the prime factors of 238643015?
5, 13, 3671431
List the prime factors of 1352448545.